
True
Is 25066 a multiple of 9?
False
Does 22 divide 9215?
False
Is 50205 a multiple of 201?
False
Is 2414 a multiple of 34?
True
Does 7 divide 1925?
True
Is 6173 a multiple of 4?
False
Is 3 a factor of 65?
False
Is 6 a factor of 964?
False
Is 120 a multiple of 40?
True
Does 31 divide 13913?
False
Is 159 a factor of 6360?
True
Is 2292 a multiple of 9?
False
Is 55 a factor of 220?
True
Is 5 a factor of 1375?
True
Is 992 a multiple of 16?
True
Does 15 divide 1284?
False
Is 15 a factor of 14640?
True
Does 30 divide 5400?
True
Is 90 a multiple of 10?
True
Does 7 divide 672?
True
Does 29 divide 4408?
True
Does 84 divide 5640?
False
Is 19 a multiple of 3?
False
Is 1637 a multiple of 21?
False
Is 34 a factor of 408?
True
Is 10 a factor of 604?
False
Does 9 divide 2344?
False
Is 33 a factor of 1452?
True
Is 36 a factor of 654?
False
Is 43 a factor of 269?
False
Is 7 a factor of 35567?
True
Is 34 a factor of 1258?
True
Is 5913 a multiple of 91?
False
Does 2 divide 1374?
True
Is 4389 a multiple of 17?
False
Is 21 a factor of 9408?
True
Is 27 a factor of 1049?
False
Is 13 a factor of 64362?
False
Is 92191 a multiple of 319?
True
Is 29 a multiple of 3?
False
Is 8848 a multiple of 158?
True
Is 707 a multiple of 38?
False
Is 24060 a multiple of 5?
True
Does 13 divide 53045?
False
Does 28 divide 29736?
True
Does 5 divide 95?
True
Does 15 divide 324?
False
Is 17 a factor of 2057?
True
Is 15426 a multiple of 22?
False
Is 2 a factor of 939?
False
Is 73125 a multiple of 117?
True
Is 1657 a multiple of 20?
False
Does 24 divide 184?
False
Is 198 a multiple of 11?
True
Is 69 a factor of 19742?
False
Is 61 a factor of 297?
False
Is 1624 a multiple of 29?
True
Is 4490 a multiple of 5?
True
Is 5 a factor of 40?
True
Does 49 divide 28371?
True
Is 9 a factor of 1046?
False
Is 4 a factor of 14662?
False
Is 3 a factor of 229?
False
Is 20 a factor of 1085?
False
Does 21 divide 18364?
False
Is 303 a multiple of 20?
False
Does 26 divide 4576?
True
Is 85 a factor of 12665?
True
Does 17 divide 921?
False
Is 717 a multiple of 58?
False
Is 136 a factor of 3672?
True
Does 54 divide 11837?
False
Is 98 a factor of 9898?
True
Does 42 divide 630?
True
Does 47 divide 470?
True
Is 6930 a multiple of 64?
False
Is 2 a factor of 264?
True
Does 185 divide 14245?
True
Does 8 divide 2448?
True
Does 5 divide 11725?
True
Is 30 a factor of 131935?
False
Does 9 divide 20877?
False
Is 5 a factor of 140?
True
Is 2 a factor of 18?
True
Does 27 divide 18414?
True
Is 408 a multiple of 8?
True
Is 2 a factor of 1426?
True
Is 1710 a multiple of 37?
False
Is 14 a factor of 20762?
True
Does 29 divide 377?
True
Is 18 a factor of 24558?
False
Is 13 a factor of 75794?
False
Is 84 a factor of 1512?
True
Is 3186 a multiple of 54?
True
Is 53896 a multiple of 15?
False
Is 17 a factor of 51?
True
Is 116 a factor of 138040?
True
Does 31 divide 14820?
False
Does 20 divide 13324?
False
Is 30 a factor of 1740?
True
Is 60931 a multiple of 13?
True
Is 45 a factor of 1092?
False
Is 9936 a multiple of 69?
True
Is 912 a multiple of 5?
False
Does 149 divide 5364?
True
Is 126 a multiple of 9?
True
Does 4 divide 37?
False
Is 22 a factor of 506?
True
Does 10 divide 5290?
True
Is 10227 a multiple of 12?
False
Does 9 divide 360?
True
Does 4 divide 55?
False
Does 17 divide 23621?
False
Does 23 divide 1619?
False
Does 39 divide 2892?
False
Does 27 divide 41857?
False
Is 83831 a multiple of 7?
False
Is 12 a factor of 396?
True
Does 48 divide 1461?
False
Is 136 a multiple of 34?
True
Is 109125 a multiple of 320?
False
Does 45 divide 32895?
True
Is 8622 a multiple of 9?
True
Does 25 divide 5900?
True
Is 25020 a multiple of 36?
True
Is 34 a factor of 1072?
False
Does 55 divide 665?
False
Is 49 a factor of 784?
True
Does 27 divide 18749?
False
Is 19231 a multiple of 3?
False
Is 12 a factor of 1358?
False
Is 831 a multiple of 39?
False
Is 13 a factor of 6658?
False
Is 2352 a multiple of 21?
True
Is 850 a multiple of 16?
False
Does 39 divide 24765?
True
Is 60 a factor of 837?
False
Is 19 a factor of 85381?
False
Is 17 a factor of 28475?
True
Is 23 a factor of 694?
False
Is 25 a factor of 4925?
True
Is 22 a factor of 286?
True
Is 1792 a multiple of 34?
False
Is 20 a factor of 940?
True
Is 27 a factor of 6123?
False
Is 19390 a multiple of 60?
False
Is 62 a factor of 107322?
True
Is 1441 a multiple of 19?
False
Does 36 divide 20369?
False
Is 100 a multiple of 50?
True
Is 17 a factor of 679?
False
Is 1926 a multiple of 43?
False
Is 489 a multiple of 21?
False
Is 19698 a multiple of 98?
True
Does 146 divide 292?
True
Is 12353 a multiple of 19?
False
Is 33 a factor of 5511?
True
Is 254 a factor of 32143?
False
Is 53113 a multiple of 188?
False
Does 34 divide 6928?
False
Is 18 a factor of 10643?
False
Does 135 divide 59940?
True
Is 116 a factor of 38396?
True
Is 12 a factor of 251?
False
Does 64 divide 54545?
False
Is 6204 a multiple of 2?
True
Is 35 a factor of 8354?
False
Is 13 a factor of 5694?
True
Is 12222 a multiple of 46?
False
Is 11 a factor of 151?
False
Is 59 a factor of 590?
True
Is 468 a multiple of 18?
True
Is 14 a factor of 3794?
True
Is 141 a multiple of 9?
False
Does 3 divide 156?
True
Does 7 divide 1253?
True
Does 10 divide 4218?
False
Does 2 divide 1194?
True
Is 1919 a multiple of 101?
True
Is 3910 a multiple of 6?
False
Is 36000 a multiple of 10?
True
Does 4 divide 2707?
False
Is 16 a factor of 592?
True
Is 129 a factor of 6996?
False
Is 98644 a multiple of 37?
False
Is 476 a multiple of 17?
True
Does 37 divide 7438?
False
Does 49 divide 4649?
False
Is 1026 a multiple of 38?
True
Is 23820 a multiple of 10?
True
Does 4 divide 1626?
False
Is 14 a factor of 6734?
True
Is 22 a factor of 1342?
True
Is 63725 a multiple of 5?
True
Is 23 a factor of 2806?
True
Is 15 a factor of 60?
True
Is 3029 a multiple of 78?
False
Is 223 a factor of 38380?
False
Does 221 divide 6159?
False
Is 248 a factor of 37200?
True
Does 22 divide 2429?
False
Does 6 divide 5151?
False
Does 8 divide 816?
True
Does 179 divide 29574?
False
Is 16817 a multiple of 9?
False
Does 52 divide 254?
False
Is 2 a factor of 22653?
False
Does 122 divide 3782?
True
Does 14 divide 822?
False
Does 24 divide 173?
False
Is 24 a factor of 343?
False
Is 21 a factor of 12419?
False
Does 7 divide 11263?
True
Is 1615 a multiple of 19?
True
Is 361 a multiple of 14?
False
Does 17 divide 391?
True
Is 198 a multiple of 22?
True
Is 32 a factor of 7465?
False
Is 6 a factor of 2428?
False
Is 286 a multiple of 26?
True
Is 175 a factor of 35759?
False
Is 13 a factor of 15896?
False
Is 7 a factor of 150?
False
Is 1444 a multiple of 10?
False
Does 203 divide 24766?
True
Is 14147 a multiple of 7?
True
Is 16996 a multiple of 100?
False
Does 16 divide 1472?
True
Does 2 divide 3645?
False
Does 62 divide 310?
True
Is 35 a factor of 4340?
True
Is 2757 a multiple of 12?
False
Is 95 a factor of 654?
False
Is 2465 a multiple of 20?
False
Does 13 divide 398?
False
Is 26148 a multiple of 93?
False
Is 3777 a multiple of 43?
False
Does 13 divide 2470?
True
Is 7360 a multiple of 92?
True
Does 89 divide 6853?
True
Is 5483 a multiple of 103?
False
Is 233 a factor of 66794?
False
Does 26 divide 9012?
False
Does 36 divide 11412?
True
Is 7 a factor of 105?
True
Is 15 a factor of 2086?
False
Is 2124 a multiple of 59?
True
Is 6303 a multiple of 11?
True
Is 5 a factor of 1524?
False
Is 42 a multiple of 3?
True
Is 320 a multiple of 20?
True
Does 29 divide 16240?
True
Does 8 divide 216?
True
Is 38 a factor of 494?
True
Does 47 divide 60870?
False
Is 579 a multiple of 8?
False
Is 2354 a multiple of 123?
False
Is 12 a factor of 53616?
True
Is 6446 a multiple of 27?
False
Does 54 divide 23938?
False
Does 3 divide 2390?
False
Is 16784 a multiple of 2?
True
Does 308 divide 126384?
False
Does 7 divide 2751?
True
Does 16 divide 26?
False
Does 7 divide 238?
True
Is 39 a factor of 12363?
True
Is 19906 a multiple of 37?
True
Does 3 divide 506?
False
Is 37142 a multiple of 98?
True
Is 31756 a multiple of 15?
False
Is 17 a factor of 7191?
True
Is 17 a factor of 3621?
True
Is 13 a factor of 7540?
True
Is 33 a factor of 14817?
True
Is 210 a factor of 125370?
True
Is 7 a factor of 478?
False
Is 20867 a multiple of 12?
False
Does 10 divide 251?
False
Is 5490 a multiple of 10?
True
Does 12 divide 50424?
True
Does 37 divide 2109?